 -64, -3*r + 3*q + v = 2*q. What are the prime factors of r?
2, 19
Let d(n) = -n**3 + 7*n**2 - 9*n - 3. Let y be d(5). Suppose 2*u + u + 5*j + 112 = 0, -y*j - 140 = 4*u. Let t = 41 + u. List the prime factors of t.
7
Let d be (-10)/15*(3 - 9). Let i(x) = -6*x + 26. Let q be i(d). Suppose -2*o + 5*g - g + 368 = 0, -5*o + 928 = -q*g. List the prime factors of o.
2, 3, 31
Suppose 0 = 7*a - 4*a + 63. List the prime factors of 336*(2 + (87/a - -3)).
2, 3
Let l be 1 + -101 - (-2 + 1). Let w = -102 - l. Let z(q) = 21*q**2 + 6*q + 17. List the prime factors of z(w).
2, 47
Let b(z) = 732*z**2 + 88*z + 93. List the prime factors of b(5).
37, 509
Let u = -134 + 139. Suppose -4*m = -u*a + 1145, 4*a - 44 = m + 883. What are the prime factors of a?
233
Let q(x) be the second derivative of 7*x**4/24 - 19*x**3/6 + 7*x**2 + 13*x. Let i(w) be the first derivative of q(w). List the prime factors of i(14).
79
Let t be 6/(-4)*(4 + -2). What are the prime factors of 14/(-4) - t - (-2475)/6?
2, 103
Let j = 32 - 52. Let s = 1 + j. Let l(w) = w**3 + 20*w**2 + 16*w - 4. List the prime factors of l(s).
53
Let k = 46 - 43. Suppose -5*l + 6*l = -k*w - 175, 2*w - 160 = l. What are the prime factors of ((-72)/20)/(1 - l/(-160))?
2, 3
Suppose -2*n + 17270 = 4*c, c + 2*n + 713 - 5029 = 0. What are the prime factors of c?
2, 17, 127
Let a(m) be the second derivative of -359*m**5/10 - m**4/6 - m**3/3 - m**2/2 - 51*m + 3. What are the prime factors of a(-1)?
3, 239
Suppose -33639*n + 33624*n = -332730. List the prime factors of n.
2, 3, 3697
Let c be ((198/4)/(-9))/((-8)/80). Suppose -2*p - c + 1377 = 0. List the prime factors of p.
661
Let x(z) = -z**3 + 22*z**2 + 3*z - 30. Let d be x(22). Let s = d + -27. Suppose 14*y - 640 = s*y. What are the prime factors of y?
2
Let b = 191 - 330. Let x = b + 186. What are the prime factors of x?
47
Let g(h) = 18*h + 237. Let w be g(-13). List the prime factors of w*(-4718)/(-14)*(1 + 0).
3, 337
Let m = 383 - 450. Let z = 135 + m. What are the prime factors of z?
2, 17
Let c(n) = -n**3 + 17*n**2 - 10*n - 20. Let p(r) be the second derivative of -r**4/12 - r**3/3 + 8*r**2 + 22*r. Let g be p(0). List the prime factors of c(g).
2, 19
Let k be (598/4)/(2 + (-5)/2). Let t = 13 - k. List the prime factors of t.
2, 3, 13
Let m = 71197 + -41691. List the prime factors of m.
2, 14753
Let i be (-150)/(-45)*(-6)/(-5). Suppose -c + 4*m + 176 = 0, -3*c + i*m + 368 = -c. List the prime factors of c.
2, 3
Suppose -121707 = -485*x + 476*x. What are the prime factors of x?
13523
Suppose 5 = -3*m + 2*h, -m - 11 = 3*h - 6*h. Let u be 22*(m - -2 - (-5 + 1)). Let r = 360 - u. What are the prime factors of r?
2, 103
Let p be 56/(-35)*(4 - -5306). What are the prime factors of p/8*(-1)/2?
3, 59
Let t be (0/(-2))/(-2) - -12. Suppose 0 = t*b - 7*b + 15. What are the prime factors of 189 + 2 + 1 + b?
3, 7
Let v(p) = -4*p - 97. Let r(n) = -14*n - 390. Let s(t) = -6*r(t) + 22*v(t). What are the prime factors of s(-13)?
2, 3, 43
Suppose -3*p = 3*q - 10152, 135*p - 3*q + 16932 = 140*p. What are the prime factors of p?
2, 3, 5, 113
Suppose 7303 = c - 3249 - 7501. What are the prime factors of c?
7, 2579
Suppose -925 + 935 = 5*m. Suppose -s + 99 = m*k - 0*k, 5*k + 216 = 2*s. List the prime factors of s.
103
Suppose -7*s + 608828 = 31*s - 16*s. List the prime factors of s.
2, 101, 137
Let s(o) = 71*o**3 + 6*o**2 - o - 16. Let k be s(4). Suppose -13*b = -23*b + k. List the prime factors of b.
2, 3, 7, 11
Suppose 0 = 2*a + 4*v - 30, -2*v + 59 = 3*a + 2*a. Let j(g) = 2*g**2 - 9*g + 27. What are the prime factors of j(a)?
2, 5, 17
Let t(j) = 5*j + 3209. What are the prime factors of t(83)?
2, 3, 151
Suppose 0 = -4*w + 3*v - 13502 + 56240, -w + 10698 = -3*v. What are the prime factors of w?
2, 3, 5, 89
Let z(x) be the third derivative of -5*x**4/24 - x**2. Let y be z(6). What are the prime factors of -2 + (-221)/(-5) + 6/y?
2, 3, 7
Let l = 1185 + 925. What are the prime factors of l?
2, 5, 211
Suppose 8*z = 3062 + 186. List the prime factors of z.
2, 7, 29
Suppose -o + 13*h = 10*h - 9054, 0 = -4*o + 2*h + 36226. What are the prime factors of o?
3, 3019
Let t = -10 - -29. Let w(v) = 24935*v**3 - 15*v**2 - 24934*v**3 - 8*v - 3*v**2 - 49. What are the prime factors of w(t)?
2, 5
Suppose -3*m - 5*t + 18293 = 0, -18272 = -3*m + 970*t - 972*t. List the prime factors of m.
2, 17, 179
Let k be 1144/11 + (1 - -2). Let t be 10/(-8) + (-457)/(-4). Let v = t + k. List the prime factors of v.
2, 5, 11
Let k be 30/9 + 1 + (-16)/12. Suppose 0 = 4*c - 5*x - 492, k*x + 2*x + 364 = 3*c. What are the prime factors of c?
2
Let c(n) = 18*n**3 + 3*n**2 - 4. Let k be c(-3). Let m = -297 - k. List the prime factors of m.
2, 83
Suppose 7*k - 1452 = -87. Let v = 206 - k. What are the prime factors of v?
11
Let d(b) = -171*b**2 - 2*b - 1. Let x(s) = s**2 + s. Let n(c) = -d(c) - 4*x(c). List the prime factors of n(1).
2, 83
Suppose -2*p + 3*l = -2*l - 20, 3*l + 24 = 2*p. Suppose -10324 = -p*w + 2801. Suppose 0 = -5*y - 4*b + w, -5*b - 209 = -2*y + 174. List the prime factors of y.
179
Let o(n) = -n**3 + 3*n**2 + n + 5. Let t be o(4). Let g(y) = 5*y**2 - 27*y - 32. What are the prime factors of g(t)?
2, 3, 67
Let x be 2/6 + (-35)/(-21). Suppose 0*g = -8*g + 48. List the prime factors of (759/g - x) + 6/(-12).
2, 31
Let o = -366 - -377. Suppose o*q - 7840 = 553. What are the prime factors of q?
7, 109
Let l(k) = 41*k**2 + 11*k + 16. What are the prime factors of l(2)?
2, 101
Suppose 3*u = -u - 16, 0 = -l - 3*u + 359. Suppose 0 = 3*j + 104 - l. Suppose -92*c + 91*c + j = 0. List the prime factors of c.
89
Suppose 6*o - 10*o - 60 = 0. Let w be (-54)/o - (-1)/((-5)/(-2)). Suppose p + 5*m - 6 = 0, -2*m = p - w*m - 34. List the prime factors of p.
2, 13
Let q = 34666 + 10177. What are the prime factors of q?
44843
What are the prime factors of 20852 - (3 - 6 - (-4)/(-1))?
3, 17, 409
What are the prime factors of (-3431)/3*(-24 + -3)?
3, 47, 73
Let q = -38 + 43. Suppose i - 5*t = 22, -3*i + 148 = i - q*t. Let l = 62 - i. List the prime factors of l.
2, 5
Suppose -116*n - 30 = -111*n, 11*o - 2*n = 833768. What are the prime factors of o?
2, 7, 2707
Let y = 9570 - 26930. List the prime factors of (-36)/(-66) + y/(-77).
2, 113
Suppose 7*v = -766 + 4861. Suppose -2*x + v = -3*w, 8*x - 289 = 7*x - 2*w. List the prime factors of x.
3, 97
Suppose -5*f + 310 = 5*v, 4*v + 5*f - 74 = 173. Suppose -7*u = -161 - v. What are the prime factors of u?
2
Suppose 2*d - 4*z = 24, 0 = 4*z - 0*z - 8. Suppose 0*s = 4*s + d, 22 = c + 4*s. Suppose -x = j - c, -5*j = x - 6*x + 200. What are the prime factors of x?
3, 13
Let h be ((-3)/2)/((-1287)/(-252) - 5). Let z(a) = -6*a - 14. Let x be z(h). What are the prime factors of ((-188)/(-7))/(20/x)?
2, 47
Suppose -11*k + 8*k - h = -7930, -h = -5*k + 13230. List the prime factors of k.
5, 23
Let y = -351 + 568. Let j = y - -343. List the prime factors of j.
2, 5, 7
Let r = -195 + 204. Suppose 4*c = 14*h - r*h + 8122, -6091 = -3*c + 4*h. What are the prime factors of c?
19, 107
Suppose 68182 = 5*l - 37368. What are the prime factors of l?
2, 5, 2111
Suppose -17 = 2*u - 3. Let i(k) = -k**3 - 8*k**2 - 5*k + 14. Let s be i(u). Suppose -183 = -a - 4*a - 2*q, 4*q + 4 = s. List the prime factors of a.
37
Suppose -3*q + 11981 + 3028 = 0. What are the prime factors of q?
5003
Suppose -2*r + 4*o + 236 = 0, -5*r + 4*o + 0*o = -560. Suppose -6*z = 3*z - r. Suppose -515 = -z*j + 7*j. List the prime factors of j.
103
Suppose 0*u + w = -2*u + 4667, 11657 = 5*u + 4*w. List the prime factors of u.
3, 19, 41
Suppose -158 - 64 = -3*f. Let m = f - -134. What are the prime factors of m?
2, 13
Suppose 11*p = 10*p + 5*a - 5, -38 = 2*p + 4*a. List the prime factors of (448/(-10))/(((-2)/p)/(-1)).
2, 3, 7
Let z(v) = -687*v - 756. List the prime factors of z(-10).
2, 3, 1019
Let m be (-34)/4*-1*(-22)/(-11). Let z(r) = r**2 - 17*r + 23. Let d be z(m). Suppose -17 = -o - 5*f, 50 + d = 2*o - 3*f. List the prime factors of o.
2
Suppose 5*x = 66 - 41, 0 = 3*i + 4*x - 12959. List the prime factors of i.
19, 227
List the prime factors of -36954*((-196)/14 + 13).
2, 3, 2053
Let a = 53 + -49. Let m(n) = -5 - 15 + a*n**2 + 14*n + n**3 - 5*n**2 - 10*n**2. What are the prime factors of m(10)?
2, 5
What are the prime factors